{"id":2,"date":"2014-04-09T21:07:46","date_gmt":"2014-04-09T21:07:46","guid":{"rendered":"http:\/\/codigua.com.gt\/?page_id=2"},"modified":"2014-04-09T22:19:28","modified_gmt":"2014-04-09T22:19:28","slug":"sample-page","status":"publish","type":"page","link":"https:\/\/codigua.com.gt\/?page_id=2","title":{"rendered":"Quienes Somos"},"content":{"rendered":"<p style=\"text-align: justify;\">Codigua se fund\u00f3 en el a\u00f1o 1999 con fines comerciales y de\u00a0protecci\u00f3n\u00a0ambiental\u00a0dedicada a la recolecci\u00f3n, clasificaci\u00f3n, distribuci\u00f3n de fibras secundarias\u00a0de papel para el reciclaje. Ademas dentro de su objeto se encuentra la representaci\u00f3n<br \/>\nde empresa o instituciones extranjeras.<\/p>\n<p>&nbsp;<\/p>\n<p><img loading=\"lazy\" decoding=\"async\" class=\"size-full wp-image-19 aligncenter\" alt=\"qs\" src=\"http:\/\/codigua.com.gt\/wp-content\/uploads\/2014\/04\/qs.jpg\" width=\"250\" height=\"176\" \/><\/p>\n<p style=\"text-align: justify;\">Sus directivos se caracterizan por la experiencia adquirida a lo largo de 30 a\u00f1os\u00a0en la industria del reciclaje, periodo durante el cual han impulsado el compromiso y\u00a0responsabilidad ambiental para nuestro pa\u00eds, valores que son inducidos en los colaboradores que se\u00a0desempe\u00f1an dentro de la empresa.<\/p>\n<p style=\"text-align: justify;\">A partir del a\u00f1o 2005 se diversifica la cartera de productos recolectados ingresando en ella el cart\u00f3n\u00a0Nylon y metales. Actualmente se han agregado otros productos como el\u00a0Pl\u00e1stico, Vidrio y Tetrapac.<\/p>\n<p style=\"text-align: justify;\"><img loading=\"lazy\" decoding=\"async\" class=\"alignnone size-full wp-image-20 aligncenter\" alt=\"paraheader2\" src=\"http:\/\/codigua.com.gt\/wp-content\/uploads\/2014\/04\/paraheader2.jpg\" width=\"516\" height=\"83\" srcset=\"https:\/\/codigua.com.gt\/wp-content\/uploads\/2014\/04\/paraheader2.jpg 516w, https:\/\/codigua.com.gt\/wp-content\/uploads\/2014\/04\/paraheader2-300x48.jpg 300w\" sizes=\"(max-width: 516px) 100vw, 516px\" \/><\/p>\n<p><strong>Visi\u00f3n<\/strong><\/p>\n<p style=\"text-align: justify;\">Ser el m\u00e1s eficiente en la prestacion de servicios\u00a0de calidad, comprometidos con un equipo humano\u00a0profesional e innovador que proteja y conserve el\u00a0medio ambiente. Utilizando sustentablemente los\u00a0recursos naturales, combinando desarrollo econ\u00f3mico y\u00a0convivencia arm\u00f3nica con la naturaleza y la sociedad.<\/p>\n<p style=\"text-align: justify;\"><strong>Misi\u00f3n<\/strong><\/p>\n<p style=\"text-align: justify;\">Implementamos cultura de reciclaje en la sociedad\u00a0que garantice la protecci\u00f3n, conservaci\u00f3n y aprovechamiento\u00a0nuestros recursos naturales. Aportando bienestar\u00a0econ\u00f3mico y social para nuestros clientes empleados proveedores\u00a0y socios.<\/p>\n","protected":false},"excerpt":{"rendered":"<p>Codigua se fund\u00f3 en el a\u00f1o 1999 con fines comerciales y de\u00a0protecci\u00f3n\u00a0ambiental\u00a0dedicada a la recolecci\u00f3n, clasificaci\u00f3n, distribuci\u00f3n de fibras secundarias\u00a0de papel para el reciclaje. Ademas dentro de su objeto se encuentra la representaci\u00f3n de empresa o instituciones extranjeras. &nbsp; Sus directivos se caracterizan por la experiencia adquirida a lo largo de 30 a\u00f1os\u00a0en la industria [&hellip;]<\/p>\n","protected":false},"author":1,"featured_media":0,"parent":0,"menu_order":0,"comment_status":"open","ping_status":"open","template":"","meta":{"footnotes":""},"_links":{"self":[{"href":"https:\/\/codigua.com.gt\/index.php?rest_route=\/wp\/v2\/pages\/2"}],"collection":[{"href":"https:\/\/codigua.com.gt\/index.php?rest_route=\/wp\/v2\/pages"}],"about":[{"href":"https:\/\/codigua.com.gt\/index.php?rest_route=\/wp\/v2\/types\/page"}],"author":[{"embeddable":true,"href":"https:\/\/codigua.com.gt\/index.php?rest_route=\/wp\/v2\/users\/1"}],"replies":[{"embeddable":true,"href":"https:\/\/codigua.com.gt\/index.php?rest_route=%2Fwp%2Fv2%2Fcomments&post=2"}],"version-history":[{"count":7,"href":"https:\/\/codigua.com.gt\/index.php?rest_route=\/wp\/v2\/pages\/2\/revisions"}],"predecessor-version":[{"id":28,"href":"https:\/\/codigua.com.gt\/index.php?rest_route=\/wp\/v2\/pages\/2\/revisions\/28"}],"wp:attachment":[{"href":"https:\/\/codigua.com.gt\/index.php?rest_route=%2Fwp%2Fv2%2Fmedia&parent=2"}],"curies":[{"name":"wp","href":"https:\/\/api.w.org\/{rel}","templated":true}]}}